**2. What is z(-3)?
-17
Let j = 58 - 51. Let a(f) = 26*f**3 + 6*f**2 + 4 - 25*f**3 + 2*f**2 + j*f. Calculate a(-7).
4
Let l(q) be the third derivative of q**5/60 - 13*q**4/24 - 4*q**3/3 + 80*q**2. Give l(13).
-8
Let h(w) = 5*w + 4. Let g(r) = -2*r - 2. Let a(k) = 5*g(k) + 3*h(k). What is a(3)?
17
Suppose 0 = -2*s - 11*u + 14*u + 25, 0 = -3*u - 3. Let j(n) = n**2 - 12*n + 16. Determine j(s).
5
Let t be (250/(-70) - 6/14) + -3. Let o(x) = 8*x**2 - 12*x - 10. Let m(k) = -7*k**2 + 11*k + 9. Let l(d) = t*m(d) - 6*o(d). What is l(6)?
3
Suppose 3*h - 6 = -4*x, 0 = 4*h - 4*x - x - 8. Let b(v) = -31*v - 2. Give b(h).
-64
Let z(g) = -g**3 + g**2 + 3*g - 2. Suppose -2*j - 15 - 17 = 0. Let k be j/12*(-9)/6. Give z(k).
0
Let u(m) be the first derivative of m**7/280 - m**6/180 + m**5/60 - m**4/24 - 17*m**3/3 + 15. Let t(z) be the third derivative of u(z). What is t(1)?
2
Let x(a) = 2*a**2 + 9 - 22 - a**2 + 2 + 9. Calculate x(4).
14
Let s(n) be the third derivative of -1/12*n**4 + 0 + 1/6*n**3 + 1/60*n**5 + 24*n**2 + 0*n. Give s(2).
1
Let t be (13/(-52))/(2/(-8)). Let k(z) = 32*z**3 - 2*z**2 + 2*z - 1. Calculate k(t).
31
Let y(x) = 383*x**3 - 3*x - 761*x**3 + 1 + 3*x**2 + 379*x**3. What is y(-4)?
-3
Let b = 5 - 2. Let h(v) = 56*v**2 + 2 + 56*v**2 + 53*v**2 - 166*v**2 + 0*v - 4*v. What is h(b)?
-19
Let y = -7 + 3. Let g(p) = -p**3 - p**2 - 1. Let u(t) = -4*t**3 - 8*t**2 - 3*t - 4. Let m(d) = 3*g(d) - u(d). What is m(y)?
5
Let h(j) = j**3 + 5*j**2 + 7*j + 4. Suppose -5*k + 104 = -9*d + 5*d, 5*k - 5*d = 105. Let l = k - 24. Give h(l).
-8
Suppose -c - 3 = 4*x + 15, x + 15 = -2*c. Let j(s) = s**2 - 3*s - 3. Let z be j(4). Let a(d) = -5*d - d**2 + 2*d**2 - z + 12*d. Calculate a(c).
-7
Let o(f) = -10*f + 3. Let m be o(3). Let b be (1/2)/((-5036)/720 + 7). Let s be b/m*6/(-4). Let q(p) = p - 1. Determine q(s).
4
Suppose -4*u + 10 = 2*k - k, -4*k - 2*u + 12 = 0. Let h(q) = -3 + 4*q**k - 8*q - 2*q**2 - 3 + 1. Let z be h(5). Let t(o) = o**2 - 4*o - 5. Determine t(z).
0
Let y(o) = 3*o**3 + 8*o + 81 - 160 + 6*o**2 + 82 - 2*o**3. Let i(t) = 5*t**3 + 24*t**2 + 33*t + 13. Let s(l) = -2*i(l) + 9*y(l). Determine s(7).
-6
Let d = 638 + -635. Let k(y) = -2*y + 9. Give k(d).
3
Let a(x) = -x**2 + x - 3866*x**3 - 2 + 3890*x**3 + 3 - 2. Calculate a(1).
23
Let u(b) = -18*b**3 - 5*b**2 - 3. Let t(q) be the second derivative of 3*q**5/10 + q**4/6 + q**2/2 - 19*q. Let i(x) = -11*t(x) - 4*u(x). What is i(1)?
5
Let h be ((-96)/(-104))/(4/26). Let o(k) = -k + 2. Give o(h).
-4
Let o(c) = 3*c + 77*c**2 - 76*c**2 - 6 + 2*c - 4*c - 3. Determine o(7).
47
Let f be 32/12 - 34/51. Let c(h) = 6*h - 7. What is c(f)?
5
Let w be 8 - (2 + -1)*3. Let a = w - 0. Suppose -24 = -x + a*x. Let h(f) = f**2 + 7*f + 2. Calculate h(x).
-4
Let u(t) = -3*t**2 - 19*t + 9. Suppose 8*y = 8 - 64. What is u(y)?
-5
Suppose -2 = -2*l + 4, -4*m + l + 5 = 0. Let g(u) = 17*u**2 - 2*u**2 + 10*u**2 - 2*u - 23*u**2 - u**3. Determine g(m).
-4
Let b(h) be the first derivative of 2 + 10*h + 1/3*h**3 + 4*h**2. Calculate b(-7).
3
Let n(d) = 4*d**2 - 4*d - 5. Let f(w) = w**2 + 2*w - 1. Let h(y) = -3*f(y) + n(y). Determine h(11).
9
Suppose 2*a + 55 = 5*w, 4*w - a - 44 = 3*a. Let p(c) = c**3 - 12*c**2 + 12*c - 13. Determine p(w).
-2
Let n(i) = 6*i**2 - 2 + i - 4*i**2 + 4*i**3 - 3*i**3. Let u = -122 - -120. Calculate n(u).
-4
Let p = 1 - -2. Let f be 6/12*(10 - -2). Let m(o) = 5*o**2 + 5*o + 3. Let b(u) = -9*u**2 - 9*u - 6. Let q(k) = f*b(k) + 11*m(k). What is q(p)?
9
Let s(v) = -2*v - 1. Let u be s(-1). Let f be (((-12)/(-3))/(-1))/1. Let d(o) = o - 1. Let m(w) = 15*w - 5. Let q(k) = f*d(k) + m(k). What is q(u)?
10
Let c = -136 - -138. Let g(z) = 30*z - 2. Give g(c).
58
Let o be (-50)/5*3/(-2). Let t be 5/o*1*18/3. Let d(r) = r**3 - 2*r**2 + 1. Calculate d(t).
1
Let h(p) = 14*p**3 - p**2 - 2*p - 1. Let q be (1 - 1)/2 + 13. Let o = -14 + q. Give h(o).
-14
Let a = -116 - -118. Let y(s) = -8*s + s + a - s + 10*s. Give y(-5).
-8
Let h(k) = 0*k + 0*k**2 + 0*k + k + 2 + 4*k**2 + k**3. Let t(u) = -2*u**2 - 3. Let n be t(0). Give h(n).
8
Let n(o) = -o**2 + 21 - 17 - 11 - 9*o. Determine n(-5).
13
Let l(r) = r**2 + r + 18. Let f be (9 - (-27)/(-3))/1. Determine l(f).
18
Let i be (3/(-6))/(4/32*-2). Let o(f) = 10*f**3 + f**2 + 6*f - 16. Let v(r) = 3*r**3 + 2*r - 5. Let c(s) = 2*o(s) - 7*v(s). Determine c(i).
-1
Let r be ((-15)/(-12))/(1/12). Let p = 21 - r. Suppose -2*y + 8 = -p*y. Let z(a) = 2*a + 3. What is z(y)?
-1
Let k(q) be the first derivative of -q**2/2 + 12*q - 8. Determine k(-3).
15
Let h(s) be the second derivative of s**5/20 + s**4/4 - s**3/6 - 2*s**2 + 29*s. Determine h(-3).
-1
Let b(c) = c**3 + 5*c**2 + c + 1. Suppose -465 + 440 = 5*h. Give b(h).
-4
Let t(d) be the third derivative of d**4/6 + 119*d**2. Give t(1).
4
Let a(v) = 4*v + 28 - 4*v - 23 + v. Give a(-11).
-6
Let g(h) be the third derivative of h**7/5040 + h**6/72 + h**5/30 - 46*h**2. Let q(d) be the third derivative of g(d). Let c be (2 + -2 - 0) + -6. Give q(c).
4
Let a be (3 + 0)*(-6)/(-9). Let w(c) = -6*c + 9*c**2 + 5*c**2 + 4*c**2 - 5 - 19*c**a. Calculate w(-5).
0
Let m(y) = -3*y - 2. Let v(j) = -13*j - 8. Let i be (-103)/309*18*(-6)/(-4). Let u = -1 - -3. Let g(t) = i*m(t) + u*v(t). Determine g(-2).
0
Let z(x) = 2*x**3 - x**2 + 2*x - 1. Let a(d) = d**3 - 9*d**2 + 2*d + 5. Let g be a(8). Let j = -42 - g. Give z(j).
2
Let k(h) be the third derivative of -h**6/120 + h**5/6 - 7*h**4/24 - 3*h**3 - 2*h**2 - 31. What is k(9)?
0
Let s(j) = -6*j - 3. Let k be 8 - (-12 + 1 + 27). Calculate s(k).
45
Let j be (-1*(-232)/(-40) + 6)*45. Let h(c) = 3*c**2 - 26*c - 16. Calculate h(j).
-7
Let w(x) = 3*x + 639*x**3 - 7*x**2 + 6 + 0*x - 638*x**3. Calculate w(6).
-12
Suppose -12*l - 72 = -24*l. Let w(g) = -l*g - 6 + 0 - g**2 - 2*g. Give w(-8).
-6
Let s(c) be the first derivative of c**4/4 - 5*c**3 + 15*c**2/2 - 14*c + 133. Determine s(14).
0
Let j(f) = -21*f**3 + 33*f**2 + 39*f + 44. Let u(q) = -13*q**3 + 22*q**2 + 26*q + 29. Let n(w) = 5*j(w) - 8*u(w). What is n(-10)?
18
Let n(z) = -1035*z + 2070*z - 1033*z + 13. Determine n(-7).
-1
Let n(w) be the second derivative of -w**5/120 + w**4/8 + w**3/6 + 17*w. Let i(r) be the second derivative of n(r). Give i(-5).
8
Let r = 30 - 29. Let b be -2 - 1 - (r + -3). Let a(g) be the third derivative of -g**6/30 - g**5/60 + g**3/6 + 2*g**2. Give a(b).
4
Let o(h) = -h**3 + 5*h**2 + 12*h + 16. Let k be o(7). Let i(n) = -n**k - 17*n + 21*n - 4 + 0 + 0. What is i(3)?
-1
Let c(v) = -4*v + 87. Let b be c(23). Let g(h) = -h**3 - 6*h**2 - 6*h - 12. What is g(b)?
-7
Let k be (12/15)/((-2)/(-5)). Let c(a) = 2*a - 7*a**2 + 3*a**2 + 3*a**k + 5*a - 3. Let i(v) = -v**3 + 9*v**2 - 6*v - 11. Let g be i(8). What is c(g)?
7
Let o(v) = -18*v - 9. Let c(a) = 9*a + 6. Let p(k) = -5*c(k) - 3*o(k). Calculate p(2).
15
Let p(a) = -a**2 - a - 2. Let n be p(0). Let t(z) = -5*z**2 - 9*z - 5. Let w(u) = 6*u**2 + 13*u + 7. Let r(d) = 4*t(d) + 3*w(d). Calculate r(n).
-13
Suppose -5*r + 3*p - 8 = -3*r, -4*r - 5*p + 28 = 0. Let c(m) = -r + 2*m + 2*m - 4*m + 2*m**3 + 3*m**2 + m. Calculate c(-2).
-8
Let h(t) = 7*t + 3 + 0 - 8*t + 2 - 11. What is h(3)?
-9
Suppose r + 2*o = 4*r + 10, 25 = r + 5*o. Suppose 0 = 3*x - 3*s - 18, -3*x - 2*s + 3 = -r. Let a(t) = t - 1. Determine a(x).
2
Let r(w) be the first derivative of w**4/4 + 8*w**3/3 + 9*w**2/2 + 4*w - 152. Give r(-7).
-10
Let h(p) = 3*p - 9. Let m(t) = t**3 - 25*t**2 + 157*t - 8. Let o be m(12). Determine h(o).
3
Let c(x) = -25*x**3 - 7*x**2 - 5*x + 12. Let p(n) = -n**3 + n**2 + n - 2. Let r(y) = c(y) + 6*p(y). Determine r(1).
-31
Let i(g) be the second derivative of 0*g**2 + 0 - 3*g + 0*g**5 - 1/8*g**4 + 1/2*g**3 - 1/360*g**6. Let x(a) be the second derivative of i(a). Calculate x(3).
-12
Let w(v) = -v + 1. Let g(a) = 2*a - 7. Let u(z) = -g(z) - 3*w(z). Let s(r) = -17*r + 357. Let n be s(21). What is u(n)?
4
Let o(j) = j + 3*j - 1 - 8*j + 2*j. What is o(-5)?
9
Let a(o) = -19*o - 3. Suppose -4*v - 4 = -4*i, -4*v + 5*i - 55 + 51 = 0. Determine a(v).
16
Let y(o) = -o**3 - 10*o**2 - 10*o - 9. Let t be y(-9). Let c be 1 - 0/(t + -2). Let q be 2/(-2*c/(-3)). Let d(u) = -u**3 + 3*u**2 - 3*u. What is d(q)?
-9
Suppose -8 + 203 = 15*t. Let o(v) = v**2 - 13*v - 12. What is o(t)?
-12
Let t(u) = -3*u + 2. Let f(l) = l - 1. Let a(i) = -2*f(i)